 + u - 109. Calculate l(10).
1
Let h(q) = -q**3 + 31*q**2 - 59*q + 33. Give h(29).
4
Let s(f) = -f**3 + 19*f**2 - 19*f + 14. What is s(18)?
-4
Let r(x) = -4*x - 38. Give r(0).
-38
Let f(k) = -k**2 + 25*k + 61. Give f(27).
7
Let q(t) = -71*t + 1. Give q(-1).
72
Let q(h) = h**3 - 11*h**2 + 10*h + 72. Give q(9).
0
Let f(g) = -g**3 - g**2 + g - 13. Give f(-3).
2
Let j(o) = o**3 - 5*o**2 + 10*o + 12. Determine j(6).
108
Let g(o) = -o**2 + 54*o - 142. Determine g(52).
-38
Let x(f) = 14*f - 12. Determine x(1).
2
Let t(u) = -u**3 - 3*u**2 + 5*u + 3. Determine t(-3).
-12
Let g(r) = 7*r + 27. What is g(5)?
62
Let m(s) = s**2 - 7*s - 96. Determine m(14).
2
Let z(j) = j**3 - j**2 - 3*j + 2. Calculate z(3).
11
Let m(v) = v**3 - 5*v**2 - 6*v + 27. Determine m(5).
-3
Let g(j) = -12*j - 44. Calculate g(-8).
52
Let f(b) = -4*b + 20. Calculate f(7).
-8
Let c(q) = 15*q - 45. Calculate c(6).
45
Let l(b) = 6*b + 53. Determine l(-9).
-1
Let n(d) = -4*d - 15. Calculate n(-10).
25
Let t(i) = -i**3 + 9*i**2 + 4*i + 22. What is t(9)?
58
Let j(t) = 5*t - 67. Determine j(-8).
-107
Let q(n) = -n**2 + n + 26. Determine q(0).
26
Let u(r) = r**3 - r**2 - 4*r - 2. Give u(-1).
0
Let t(b) = -2*b**2 - 31*b - 5. Calculate t(-15).
10
Let b(y) = y - 27. Determine b(28).
1
Let h(y) = y**2 + y + 47. What is h(0)?
47
Let k(s) = s**3 + 8*s**2 + 5*s - 5. Give k(-7).
9
Let a(q) = q**3 + 7*q**2 - 9*q. Determine a(-8).
8
Let n(d) = -4*d**2 - 71*d + 12. Calculate n(-18).
-6
Let q(z) = z**3 - 2*z**2 - 4*z - 1. What is q(4)?
15
Let t(m) = m**2 - 3*m. What is t(4)?
4
Let c(r) = r**2 - 9*r - 3. Calculate c(9).
-3
Let q(a) = -21*a. What is q(-1)?
21
Let b(f) = -2*f - 5. What is b(5)?
-15
Let m(k) = -7*k**2 + 3. Give m(2).
-25
Let i(y) = -y + 1. Determine i(13).
-12
Let q(r) = 4*r - 10. Calculate q(9).
26
Let a(w) = -45*w + 267. Calculate a(6).
-3
Let q(x) = x**3 - 2*x**2 + 7*x - 14. What is q(4)?
46
Let w(k) = k + 12. Give w(9).
21
Let j(b) = -5*b + 1. Calculate j(0).
1
Let d(y) = -y**3 - 23*y**2 + 2*y + 23. Give d(-23).
-23
Let y(o) = 6*o - 46. Calculate y(4).
-22
Let q(o) = 39*o - 124. Give q(3).
-7
Let r(f) = f - 10. Calculate r(13).
3
Let v(w) = -8*w**2 + 19*w - 53. Determine v(3).
-68
Let z(p) = p**3 + 11*p**2 - 4*p + 5. Give z(-12).
-91
Let q(j) = j + 23. Calculate q(7).
30
Let v(m) = m**3 + 11*m**2 + 10*m + 12. What is v(-10)?
12
Let b(a) = 21*a + 8. Calculate b(3).
71
Let p(w) = -3*w + 25. Determine p(8).
1
Let q(b) = -b - 1. What is q(-6)?
5
Let l(s) = -s**2 + 12*s - 9. Determine l(10).
11
Let y(z) = -z**2 - 7*z + 5. Calculate y(-4).
17
Let z(o) = -o**3 - 26*o**2 - 24*o - 3. Calculate z(-25).
-28
Let x(o) = -o + 3. Calculate x(3).
0
Let g(f) = f**2 + 5*f - 3. What is g(-4)?
-7
Let b(s) = 2*s**2 + 14*s - 18. What is b(-8)?
-2
Let z(r) = 16*r + 13. Give z(-3).
-35
Let d(j) = j**2 + 21*j + 48. Give d(-18).
-6
Let z(i) = i**2 + 3*i - 14. Give z(3).
4
Let r(q) = 18*q. What is r(1)?
18
Let n(k) = -11*k**2 - 2. Give n(-2).
-46
Let q(g) = 3*g**2 + 4*g - 3. Give q(2).
17
Let y(j) = 47*j + 97. Calculate y(-2).
3
Let v(x) = 3*x + 2. Give v(2).
8
Let k(l) = 10*l + 1. Give k(-1).
-9
Let i(x) = 32*x + 266. Calculate i(-8).
10
Let j(z) = z**2 - 9*z + 3. Determine j(0).
3
Let b(n) = 17*n**3 - n**2 - n + 2. What is b(1)?
17
Let y(c) = -c**3 - 8*c**2 - 14*c - 3. Calculate y(-3).
-6
Let g(w) = w**2 - 8*w + 12. What is g(7)?
5
Let b(g) = g**3 + 15. Calculate b(0).
15
Let q(h) = h**3 + 11*h**2 + h - 5. Determine q(-11).
-16
Let q(c) = 4*c + 18. Give q(-12).
-30
Let y(m) = m**3 - 3*m**2 - 5*m + 6. Give y(4).
2
Let r(n) = -5*n**2 - 154*n + 41. Give r(-31).
10
Let n(m) = -3*m**3 + 4*m**2 - 3*m. Give n(2).
-14
Let v(d) = -3*d. Give v(1).
-3
Let z(u) = u**2 + 21*u + 4. Give z(-17).
-64
Let v(y) = -y**3 - 4*y**2 + 6*y + 12. Calculate v(-4).
-12
Let a(x) = 19*x + 2. Determine a(-1).
-17
Let y(t) = -t**2 + 19*t - 12. Give y(14).
58
Let b(x) = -x**2 - 3*x + 20. Give b(0).
20
Let i(s) = -8*s**2 + 6*s - 5. Determine i(0).
-5
Let q(u) = -u**3 - 10*u**2 + 14*u + 39. Determine q(-11).
6
Let y(q) = -13*q + 505. Give y(39).
-2
Let p(r) = -18*r**2 + 4*r - 5. Calculate p(2).
-69
Let x(l) = 9*l + 76. What is x(-7)?
13
Let y(v) = -v**3 - 12*v**2 - 19*v + 3. What is y(-10)?
-7
Let l(x) = x - 3. Calculate l(7).
4
Let r(b) = b**3 + 13*b**2 - b - 7. Give r(-13).
6
Let y(l) = -l**2 - 4*l + 9. Give y(-7).
-12
Let z(g) = -64*g + 654. Give z(10).
14
Let v(u) = -5*u - 15. Give v(-6).
15
Let w(y) = y**3 - 6*y**2 - 4*y - 19. What is w(7)?
2
Let q(h) = 2*h**3 + 3*h**2 - 6*h + 2. Give q(2).
18
Let d(l) = -l - 7. Calculate d(-7).
0
Let a(i) = -i**3 + 14*i**2 + 15*i + 5. What is a(15)?
5
Let m(i) = 3*i**2 - 9. Calculate m(3).
18
Let v(w) = w**3 - 22*w**2 - 51*w + 77. Give v(24).
5
Let c(u) = -u**2 + 2*u + 6. What is c(7)?
-29
Let t(l) = 3*l**2 + 87*l - 87. Calculate t(-30).
3
Let q(w) = w**3 - 15*w**2 + 17. Give q(15).
17
Let z(y) = 4*y**2 + 18*y + 2. What is z(-5)?
12
Let f(y) = y**3 + 12*y**2 + 7*y + 16. Give f(-12).
-68
Let f(j) = 6*j + 71. Calculate f(23).
209
Let s(y) = 2*y**3 - 44*y**2 - 1. Give s(22).
-1
Let d(z) = 7*z**3 - 3*z**2 + 3*z. Calculate d(2).
50
Let v(a) = -a**3 - 34*a**2 - 65*a - 30. Give v(-32).
2
Let y(g) = -28*g**3 - g**2. What is y(-1)?
27
Let p(d) = d - 48. Determine p(0).
-48
Let w(p) = -3*p**2 + 2*p. Calculate w(3).
-21
Let n(a) = -a**2 - 3*a + 3. What is n(-4)?
-1
Let h(y) = -4*y - 13. Determine h(-3).
-1
Let s(d) = 4*d - 5. What is s(-6)?
-29
Let y(a) = -a**2 - 6*a - 2. Give y(-7).
-9
Let y(r) = -3*r**2 + 20*r - 7. What is y(6)?
5
Let s(r) = -2*r + 61. Give s(26).
9
Let o(i) = -i**3 + 3*i**2 + 3*i + 8. What is o(4)?
4
Let q(w) = 2*w**3 - 2*w**2 - 3*w + 2. What is q(2)?
4
Let k(x) = -4*x - 2. Calculate k(5).
-22
Let d(t) = 3*t**2 - 2*t. What is d(-1)?
5
Let z(j) = -j**2 + 11*j - 12. Give z(9).
6
Let h(i) = -2*i**2 - 15*i - 21. What is h(-6)?
-3
Let m(u) = -34*u**3 - 1. Give m(-1).
33
Let z(r) = r**3 + 2*r**2 - 3*r - 5. Calculate z(-2).
1
Let l(f) = -2*f**2 - 22*f - 26. Give l(-9).
10
Let y(a) = -28*a**2 + a - 1. Determine y(2).
-111
Let q(h) = h**3 + 8*h**2 + 6. Determine q(-8).
6
Let l(x) = -2*x - 3. Determine l(5).
-13
Let n(x) = -5*x**3 + 22*x**2 + x - 2. What is n(5)?
-72
Let i(w) = -8*w - 24. Determine i(-4).
8
Let d(m) = -11*m + 51. Calculate d(5).
-4
Let n(c) = -c**2 + 10*c - 6. Calculate n(11).
-17
Let s(w) = -w + 11. What is s(10)?
1
Let d(c) = 3*c + 30. Calculate d(-11).
-3
Let r(g) = -8*g - 27. Give r(-6).
21
Let o(q) = q**2 - 19*q + 9. Give o(18).
-9
Let k(i) = 2*i**3 - 10*i**2 - 10*i + 13. Give k(6).
25
Let j(d) = -8*d + 24. What is j(14)?
-88
Let p(t) = 25*t + 39. Give p(-1).
14
Let q(z) = -2*z + 62. What is q(31)?
0
Let s(m) = -8*m + 66. Calculate s(7).
10
Let q(g) = -g**3 + g**2 + 4*g. What is q(4)?
-32
Let j(q) = -3*q**2 - 7*q - 3. Calculate j(-3).
-9
Let b(j) = -j**3 - 7*j**2 + 8*j - 1. Calculate b(-8).
-1
Let i(a) = -a**2 - 4*a + 8. Determine i(-5).
3
Let h(c) = -c + 16. What is h(15)?
1
Let m(k) = -13*k + 12. Determine m(4).
-40
Let w(p) = 12*p - 21. What is w(2)?
3
Let a(c) = -c**2 - 6*c - 13. Give a(-3).
-4
Let r(q) = 32*q**3 + 2*q - 1. Calculate r(1).
33
Let l(t) = -t**2 - 19*t - 45. Give l(-18).
-27
Let c(a) = 3*a**2 - 4*a + 2. Determine c(2).
6
Let p(w) = 8*w - 129. Determine p(16).
-1
Let l(j) = -j**2 - 5*j - 6. What is l(-4)?
-2
Let v(o) = -o**2 - 3*o + 6. Calculate v(-5).
-4
Let w(c) = 12*c - 3. Determine w(0).
-3
Let d(b) = -b - 8. Determine d(9).
-17
Let t(a) = -a**3 + 6*a**2 - 15*a + 97. Calculate t(6).
7
Let m(w) = -18*w + 6. Determine m(1).
-12
Let m(f) = -2*f**2 + 7*f - 5. Determine m(4).
-9
Let c(q) = -87*q**2 - 2*q + 1. Give c(1).
-88
Let b(d) = -d**2 - 59*d - 694. Calculate b(-43).
-6
Let g(h) = -h + 11. Calculate g(17).
-6
Let x(z) = -z**2 + 15*z - 2. What is x(15)?
-2
Let o(z) = 4*z + 4. Calculate o(-5).
-16
Let u(j) = -7*j - 24. Give u(-4).
4
Let k(m) = -m**3 - 8*m**2 - m - 6. Give k(-8).
2
Let u(b) = b**3 + 3*b**2 + 5*b + 7. Give u(-2).
1
Let b(v) = -2*v + 6. What is b(-3)?
12
Let z(d) = d**3 + 4*d**2 + 4*d - 1. Calculate z(-4).
-17
Let k(o) = o**3 - 15*o**2 + 13*o - 1. Determine k(14).
-15
Let h(k) = k - 28. Calculate h(14).
-14
Let g(d) = 40*d**3 - d**2 - d + 2. Calculate g(1).
40
Let n(z) = -z**3 + 12*z**2 - z + 16. Determine n(12).
4
Let x(v) = -v - 13. Give x(-4).
